{"id":429,"date":"2014-05-20T15:25:48","date_gmt":"2014-05-20T13:25:48","guid":{"rendered":"http:\/\/www.zefix.me\/wordpress\/?page_id=429"},"modified":"2024-03-21T14:15:29","modified_gmt":"2024-03-21T12:15:29","slug":"servus","status":"publish","type":"page","link":"https:\/\/www.zefix.me\/?page_id=429","title":{"rendered":"Servus!"},"content":{"rendered":"<div style=\"height:40px;\"><\/div><p>Servus, grias di &amp; Zefix di!<\/p>\n<p>Mir san a bajuwarische Modemanufaktur im Herzen Bayerns<br \/>\nmit Liebe zu Action&amp;Outdoor-Sport &amp; fescher Lifestyle-F\u00e4sch&#8217;n.<br \/>\nIn liebevoller Handarbeit gestalten mir a scheens G&#8217;wand vom Kopf bis zua d&#8217;Fia\u00df.<br \/>\nFia Madln, wia fia Buam, fia Wutzal-Minis, wia a fia gloane &amp; gr\u00f6\u00dfe Kids.<br \/>\nSogar fian Wastl homma mir von Zeit zu Zeit a wos in da Koll\u00e4ktschn.<\/p>\n<p>Schaug eini &amp; zefix di!<br \/>\nMir g&#8217;frain uns auf di!<\/p>\n<p>Deine CrewZefix!<\/p>\n","protected":false},"excerpt":{"rendered":"<p>Servus, grias di &amp; Zefix di! Mir san a bajuwarische Modemanufaktur im Herzen Bayerns mit Liebe zu Action&amp;Outdoor-Sport &amp; fescher Lifestyle-F\u00e4sch&#8217;n. In liebevoller Handarbeit gestalten mir a scheens G&#8217;wand vom Kopf bis zua d&#8217;Fia\u00df. Fia Madln, wia fia Buam, fia Wutzal-Minis, wia a fia gloane &amp; gr\u00f6\u00dfe Kids. Sogar fian Wastl homma mir von Zeit<\/p>\n<div class=\"more-link\">\n             <a href=\"https:\/\/www.zefix.me\/?page_id=429\" class=\"btn btn-theme\">Weiterlesen<i class=\"fa fa-fw fa-long-arrow-right\"><\/i><\/a>\n        <\/div>\n","protected":false},"author":1,"featured_media":0,"parent":235,"menu_order":0,"comment_status":"closed","ping_status":"closed","template":"","meta":{"footnotes":""},"class_list":["post-429","page","type-page","status-publish","hentry"],"_links":{"self":[{"href":"https:\/\/www.zefix.me\/index.php?rest_route=\/wp\/v2\/pages\/429","targetHints":{"allow":["GET"]}}],"collection":[{"href":"https:\/\/www.zefix.me\/index.php?rest_route=\/wp\/v2\/pages"}],"about":[{"href":"https:\/\/www.zefix.me\/index.php?rest_route=\/wp\/v2\/types\/page"}],"author":[{"embeddable":true,"href":"https:\/\/www.zefix.me\/index.php?rest_route=\/wp\/v2\/users\/1"}],"replies":[{"embeddable":true,"href":"https:\/\/www.zefix.me\/index.php?rest_route=%2Fwp%2Fv2%2Fcomments&post=429"}],"version-history":[{"count":14,"href":"https:\/\/www.zefix.me\/index.php?rest_route=\/wp\/v2\/pages\/429\/revisions"}],"predecessor-version":[{"id":1771,"href":"https:\/\/www.zefix.me\/index.php?rest_route=\/wp\/v2\/pages\/429\/revisions\/1771"}],"up":[{"embeddable":true,"href":"https:\/\/www.zefix.me\/index.php?rest_route=\/wp\/v2\/pages\/235"}],"wp:attachment":[{"href":"https:\/\/www.zefix.me\/index.php?rest_route=%2Fwp%2Fv2%2Fmedia&parent=429"}],"curies":[{"name":"wp","href":"https:\/\/api.w.org\/{rel}","templated":true}]}}